{"id":479,"date":"2020-11-17T17:37:24","date_gmt":"2020-11-17T16:37:24","guid":{"rendered":"https:\/\/siriuscrime.com\/powrot-anny\/?page_id=479"},"modified":"2021-07-01T10:53:59","modified_gmt":"2021-07-01T08:53:59","slug":"raport-nr-3","status":"publish","type":"page","link":"https:\/\/siriuscrime.com\/powrot-anny\/pokoj-detektywa\/raport-nr-3\/","title":{"rendered":"Raport Nr&nbsp;3"},"content":{"rendered":"\n<div class=\"wp-block-cover alignfull has-background-dim\"><img loading=\"lazy\" decoding=\"async\" width=\"1920\" height=\"1080\" sizes=\"auto, (max-width: 799px) 200vw, (max-width: 1920px) 100vw, 1920px\" class=\"wp-block-cover__image-background wp-image-56\" alt src=\"https:\/\/siriuscrime.com\/powrot-anny\/wp-content\/uploads\/sites\/2\/2020\/11\/PA-kontakt.jpg\" style=\"object-position:50% 100%\" data-object-fit=\"cover\" data-object-position=\"50% 100%\" srcset=\"https:\/\/siriuscrime.com\/powrot-anny\/wp-content\/uploads\/sites\/2\/2020\/11\/PA-kontakt.jpg 1920w, https:\/\/siriuscrime.com\/powrot-anny\/wp-content\/uploads\/sites\/2\/2020\/11\/PA-kontakt-300x169.jpg 300w, https:\/\/siriuscrime.com\/powrot-anny\/wp-content\/uploads\/sites\/2\/2020\/11\/PA-kontakt-1024x576.jpg 1024w, https:\/\/siriuscrime.com\/powrot-anny\/wp-content\/uploads\/sites\/2\/2020\/11\/PA-kontakt-768x432.jpg 768w, https:\/\/siriuscrime.com\/powrot-anny\/wp-content\/uploads\/sites\/2\/2020\/11\/PA-kontakt-1536x864.jpg 1536w, https:\/\/siriuscrime.com\/powrot-anny\/wp-content\/uploads\/sites\/2\/2020\/11\/PA-kontakt-1200x675.jpg 1200w\"><div class=\"wp-block-cover__inner-container is-layout-flow wp-block-cover-is-layout-flow\">\n<h1 class=\"has-text-align-center wp-block-heading\">Raport Nr&nbsp;3<\/h1>\n<\/div><\/div>\n\n\n\n<p>Spo\u00adtka\u00adnia z \u017bywiec\u00adkim prze\u00adsta\u00ad\u0142y mnie tak stre\u00adso\u00adwa\u0107. To m\u00f3j prze\u00ad\u0142o\u00ad\u017co\u00adny, wi\u0119c oczy\u00adwi\u00ad\u015bcie, czu\u00adj\u0119 do nie\u00adgo respekt i sza\u00adcu\u00adnek. Ale czu\u00adj\u0119 si\u0119 coraz pew\u00adniej. Jak dot\u0105d uda\u00ad\u0142o mi si\u0119 pra\u00adwi\u00add\u0142o\u00adwo odpo\u00adwie\u00addzie\u0107 na wszyst\u00adkie posta\u00adwio\u00adne przez nie\u00adgo pytania.<\/p>\n\n\n\n<ul class=\"is-style-tw-dash wp-block-list\"><li>Wejd\u017a! \u2013 krzyk\u00adn\u0105\u0142 zza drzwi, jesz\u00adcze zanim uda\u00ad\u0142o mi si\u0119 dotrze\u0107 do&nbsp;progu.<\/li><\/ul>\n\n\n\n<p>Przy\u00adwi\u00adta\u00ad\u0142a mnie zna\u00adjo\u00adma \u015bcia\u00adna zapa\u00adchu i dymu. Tyto\u0144, kawa, papier, tusz.<\/p>\n\n\n\n<ul class=\"is-style-tw-dash wp-block-list\"><li>Robisz post\u0119\u00adpy \u2013 zacz\u0105\u0142 bez ogr\u00f3\u00addek. \u2013 Ale musi uwa\u00ad\u017ca\u0107, by nie spo\u00adcz\u0105\u0107 na lau\u00adrach. W pra\u00adcy detek\u00adty\u00adwa zbyt\u00adnia pew\u00adno\u015b\u0107 sie\u00adbie to dro\u00adga do zgu\u00adby. Zawsze! Powta\u00adrzam, Zawsze! Musisz odro\u00adbi\u00adn\u0119 w\u0105tpi\u0107.<\/li><\/ul>\n\n\n\n<p>Zapa\u00add\u0142a&nbsp;cisza.<\/p>\n\n\n\n<ul class=\"is-style-tw-dash wp-block-list\"><li>Trzy pyta\u00adnia. S\u0142u\u00adchaj uwa\u017cnie.<\/li><\/ul>\n\n\n\n<h2 class=\"wp-block-heading\">Prawda czy&nbsp;Fa\u0142sz?<\/h2>\n\n\n\n<ol class=\"wp-block-list\"><li>Oso\u00adba, kt\u00f3\u00adra wywo\u00ad\u0142a\u00ad\u0142a po\u017car w biu\u00adrze Ber\u00adnar\u00adda zro\u00adbi\u00ad\u0142a to, by znisz\u00adczy\u0107 testament.<\/li><li>Wszy\u00adscy go\u015bcie obec\u00adni na uro\u00adczy\u00adsto\u00ad\u015bci zosta\u00adli na ni\u0105 zaproszeni.<\/li><li>Ceza\u00adry Arasz\u00adkie\u00adwicz \u017ca\u0142u\u00adje, \u017ce Ber\u00adnard Filip\u00adczak nie&nbsp;\u017cyje.<\/li><\/ol>\n\n\n\n<p id=\"block-ed669cc3-c616-4ee1-9b22-d8122276d7c5\">Znasz odpo\u00adwied\u017a na pyta\u00adnia \u017bywiec\u00adkie\u00adgo? W takim razie klik\u00adnij przy\u00adcisk poni\u00ad\u017cej \u201eZnam ju\u017c odpo\u00adwied\u017a\u201d i podaj has\u0142o do stro\u00adny z nagrodami.<\/p>\n\n\n\n<p id=\"block-ac7c24ca-aa18-401c-a2c1-80c5e73434ab\">Has\u0142o to kom\u00adbi\u00adna\u00adcja <strong>du\u017cych<\/strong> liter <strong>P<\/strong> i <strong>F<\/strong> poda\u00adna w takiej samej kolej\u00adno\u00ad\u015bci, w jakiej opu\u00adbli\u00adko\u00adwa\u00adno powy\u00ad\u017cej zdania.<\/p>\n\n\n\n<div class=\"wp-block-buttons is-content-justification-center is-layout-flex wp-block-buttons-is-layout-flex\">\n<div class=\"wp-block-button\"><a class=\"wp-block-button__link\" href=\"https:\/\/siriuscrime.com\/powrot-anny\/pokoj-detektywa\/uwagi-komisarza-zywieckiego-nr-3\/\">ZNAM ODPOWIED\u0179<\/a><\/div>\n<\/div>\n","protected":false},"excerpt":{"rendered":"<p>Spo\u00adtka\u00adnia z \u017bywiec\u00adkim prze\u00adsta\u00ad\u0142y mnie tak stre\u00adso\u00adwa\u0107. To m\u00f3j prze\u00ad\u0142o\u00ad\u017co\u00adny, wi\u0119c oczy\u00adwi\u00ad\u015bcie, czu\u00adj\u0119 do nie\u00adgo respekt i sza\u00adcu\u00adnek. Ale czu\u00adj\u0119 si\u0119 coraz pew\u00adniej. Jak dot\u0105d uda\u00ad\u0142o mi si\u0119 pra\u00adwi\u00add\u0142o\u00adwo odpo\u00adwie\u00addzie\u0107 na wszyst\u00adkie posta\u00adwio\u00adne przez nie\u00adgo pyta\u00adnia. Wejd\u017a! \u2013 krzyk\u00adn\u0105\u0142 zza drzwi, jesz\u00adcze zanim uda\u00ad\u0142o mi si\u0119 dotrze\u0107 do&nbsp;pro\u00adgu. Przy\u00adwi\u00adta\u00ad\u0142a mnie zna\u00adjo\u00adma \u015bcia\u00adna zapa\u00adchu i&nbsp;dymu.\u2026<\/p>\n","protected":false},"author":1,"featured_media":0,"parent":103,"menu_order":0,"comment_status":"closed","ping_status":"closed","template":"tw-header-transparent.php","meta":{"wp_typography_post_enhancements_disabled":false,"_uag_custom_page_level_css":"","footnotes":""},"class_list":["post-479","page","type-page","status-publish","hentry"],"yoast_head":"<!-- This site is optimized with the Yoast SEO plugin v27.2 - https:\/\/yoast.com\/product\/yoast-seo-wordpress\/ -->\n<title>Raport Nr 3 - Powr\u00f3t Anny<\/title>\n<meta name=\"robots\" content=\"index, follow, max-snippet:-1, max-image-preview:large, max-video-preview:-1\" \/>\n<link rel=\"canonical\" href=\"https:\/\/siriuscrime.com\/powrot-anny\/pokoj-detektywa\/raport-nr-3\/\" \/>\n<meta property=\"og:locale\" content=\"pl_PL\" \/>\n<meta property=\"og:type\" content=\"article\" \/>\n<meta property=\"og:title\" content=\"Raport Nr 3 - Powr\u00f3t Anny\" \/>\n<meta property=\"og:description\" content=\"Spo\u00adtka\u00adnia z \u017bywiec\u00adkim prze\u00adsta\u00ad\u0142y mnie tak stre\u00adso\u00adwa\u0107. To m\u00f3j prze\u00ad\u0142o\u00ad\u017co\u00adny, wi\u0119c oczy\u00adwi\u00ad\u015bcie, czu\u00adj\u0119 do nie\u00adgo respekt i sza\u00adcu\u00adnek. Ale czu\u00adj\u0119 si\u0119 coraz pew\u00adniej. Jak dot\u0105d uda\u00ad\u0142o mi si\u0119 pra\u00adwi\u00add\u0142o\u00adwo odpo\u00adwie\u00addzie\u0107 na wszyst\u00adkie posta\u00adwio\u00adne przez nie\u00adgo pytania. Wejd\u017a! \u2013 krzyk\u00adn\u0105\u0142 zza drzwi, jesz\u00adcze zanim uda\u00ad\u0142o mi si\u0119 dotrze\u0107 do&nbsp;progu. Przy\u00adwi\u00adta\u00ad\u0142a mnie zna\u00adjo\u00adma \u015bcia\u00adna zapa\u00adchu i dymu.&hellip;\" \/>\n<meta property=\"og:url\" content=\"https:\/\/siriuscrime.com\/powrot-anny\/pokoj-detektywa\/raport-nr-3\/\" \/>\n<meta property=\"og:site_name\" content=\"Powr\u00f3t Anny\" \/>\n<meta property=\"article:modified_time\" content=\"2021-07-01T08:53:59+00:00\" \/>\n<meta property=\"og:image\" content=\"https:\/\/siriuscrime.com\/powrot-anny\/wp-content\/uploads\/sites\/2\/2020\/11\/PA-kontakt.jpg\" \/>\n<meta name=\"twitter:card\" content=\"summary_large_image\" \/>\n<meta name=\"twitter:label1\" content=\"Szacowany czas czytania\" \/>\n\t<meta name=\"twitter:data1\" content=\"1 minuta\" \/>\n<script type=\"application\/ld+json\" class=\"yoast-schema-graph\">{\"@context\":\"https:\/\/schema.org\",\"@graph\":[{\"@type\":\"WebPage\",\"@id\":\"https:\/\/siriuscrime.com\/powrot-anny\/pokoj-detektywa\/raport-nr-3\/\",\"url\":\"https:\/\/siriuscrime.com\/powrot-anny\/pokoj-detektywa\/raport-nr-3\/\",\"name\":\"Raport Nr 3 - Powr\u00f3t Anny\",\"isPartOf\":{\"@id\":\"https:\/\/siriuscrime.com\/powrot-anny\/#website\"},\"primaryImageOfPage\":{\"@id\":\"https:\/\/siriuscrime.com\/powrot-anny\/pokoj-detektywa\/raport-nr-3\/#primaryimage\"},\"image\":{\"@id\":\"https:\/\/siriuscrime.com\/powrot-anny\/pokoj-detektywa\/raport-nr-3\/#primaryimage\"},\"thumbnailUrl\":\"https:\/\/siriuscrime.com\/powrot-anny\/wp-content\/uploads\/sites\/2\/2020\/11\/PA-kontakt.jpg\",\"datePublished\":\"2020-11-17T16:37:24+00:00\",\"dateModified\":\"2021-07-01T08:53:59+00:00\",\"breadcrumb\":{\"@id\":\"https:\/\/siriuscrime.com\/powrot-anny\/pokoj-detektywa\/raport-nr-3\/#breadcrumb\"},\"inLanguage\":\"pl-PL\",\"potentialAction\":[{\"@type\":\"ReadAction\",\"target\":[\"https:\/\/siriuscrime.com\/powrot-anny\/pokoj-detektywa\/raport-nr-3\/\"]}]},{\"@type\":\"ImageObject\",\"inLanguage\":\"pl-PL\",\"@id\":\"https:\/\/siriuscrime.com\/powrot-anny\/pokoj-detektywa\/raport-nr-3\/#primaryimage\",\"url\":\"https:\/\/siriuscrime.com\/powrot-anny\/wp-content\/uploads\/sites\/2\/2020\/11\/PA-kontakt.jpg\",\"contentUrl\":\"https:\/\/siriuscrime.com\/powrot-anny\/wp-content\/uploads\/sites\/2\/2020\/11\/PA-kontakt.jpg\",\"width\":1920,\"height\":1080},{\"@type\":\"BreadcrumbList\",\"@id\":\"https:\/\/siriuscrime.com\/powrot-anny\/pokoj-detektywa\/raport-nr-3\/#breadcrumb\",\"itemListElement\":[{\"@type\":\"ListItem\",\"position\":1,\"name\":\"Strona g\u0142\u00f3wna\",\"item\":\"https:\/\/siriuscrime.com\/powrot-anny\/\"},{\"@type\":\"ListItem\",\"position\":2,\"name\":\"Pok\u00f3j detektywa\",\"item\":\"https:\/\/siriuscrime.com\/powrot-anny\/pokoj-detektywa\/\"},{\"@type\":\"ListItem\",\"position\":3,\"name\":\"Raport Nr&nbsp;3\"}]},{\"@type\":\"WebSite\",\"@id\":\"https:\/\/siriuscrime.com\/powrot-anny\/#website\",\"url\":\"https:\/\/siriuscrime.com\/powrot-anny\/\",\"name\":\"Powr\u00f3t Anny\",\"description\":\"Gra detektywistyczna\",\"potentialAction\":[{\"@type\":\"SearchAction\",\"target\":{\"@type\":\"EntryPoint\",\"urlTemplate\":\"https:\/\/siriuscrime.com\/powrot-anny\/?s={search_term_string}\"},\"query-input\":{\"@type\":\"PropertyValueSpecification\",\"valueRequired\":true,\"valueName\":\"search_term_string\"}}],\"inLanguage\":\"pl-PL\"}]}<\/script>\n<!-- \/ Yoast SEO plugin. -->","yoast_head_json":{"title":"Raport Nr 3 - Powr\u00f3t Anny","robots":{"index":"index","follow":"follow","max-snippet":"max-snippet:-1","max-image-preview":"max-image-preview:large","max-video-preview":"max-video-preview:-1"},"canonical":"https:\/\/siriuscrime.com\/powrot-anny\/pokoj-detektywa\/raport-nr-3\/","og_locale":"pl_PL","og_type":"article","og_title":"Raport Nr 3 - Powr\u00f3t Anny","og_description":"Spo\u00adtka\u00adnia z \u017bywiec\u00adkim prze\u00adsta\u00ad\u0142y mnie tak stre\u00adso\u00adwa\u0107. To m\u00f3j prze\u00ad\u0142o\u00ad\u017co\u00adny, wi\u0119c oczy\u00adwi\u00ad\u015bcie, czu\u00adj\u0119 do nie\u00adgo respekt i sza\u00adcu\u00adnek. Ale czu\u00adj\u0119 si\u0119 coraz pew\u00adniej. Jak dot\u0105d uda\u00ad\u0142o mi si\u0119 pra\u00adwi\u00add\u0142o\u00adwo odpo\u00adwie\u00addzie\u0107 na wszyst\u00adkie posta\u00adwio\u00adne przez nie\u00adgo pytania. Wejd\u017a! \u2013 krzyk\u00adn\u0105\u0142 zza drzwi, jesz\u00adcze zanim uda\u00ad\u0142o mi si\u0119 dotrze\u0107 do&nbsp;progu. Przy\u00adwi\u00adta\u00ad\u0142a mnie zna\u00adjo\u00adma \u015bcia\u00adna zapa\u00adchu i dymu.&hellip;","og_url":"https:\/\/siriuscrime.com\/powrot-anny\/pokoj-detektywa\/raport-nr-3\/","og_site_name":"Powr\u00f3t Anny","article_modified_time":"2021-07-01T08:53:59+00:00","og_image":[{"url":"https:\/\/siriuscrime.com\/powrot-anny\/wp-content\/uploads\/sites\/2\/2020\/11\/PA-kontakt.jpg","type":"","width":"","height":""}],"twitter_card":"summary_large_image","twitter_misc":{"Szacowany czas czytania":"1 minuta"},"schema":{"@context":"https:\/\/schema.org","@graph":[{"@type":"WebPage","@id":"https:\/\/siriuscrime.com\/powrot-anny\/pokoj-detektywa\/raport-nr-3\/","url":"https:\/\/siriuscrime.com\/powrot-anny\/pokoj-detektywa\/raport-nr-3\/","name":"Raport Nr 3 - Powr\u00f3t Anny","isPartOf":{"@id":"https:\/\/siriuscrime.com\/powrot-anny\/#website"},"primaryImageOfPage":{"@id":"https:\/\/siriuscrime.com\/powrot-anny\/pokoj-detektywa\/raport-nr-3\/#primaryimage"},"image":{"@id":"https:\/\/siriuscrime.com\/powrot-anny\/pokoj-detektywa\/raport-nr-3\/#primaryimage"},"thumbnailUrl":"https:\/\/siriuscrime.com\/powrot-anny\/wp-content\/uploads\/sites\/2\/2020\/11\/PA-kontakt.jpg","datePublished":"2020-11-17T16:37:24+00:00","dateModified":"2021-07-01T08:53:59+00:00","breadcrumb":{"@id":"https:\/\/siriuscrime.com\/powrot-anny\/pokoj-detektywa\/raport-nr-3\/#breadcrumb"},"inLanguage":"pl-PL","potentialAction":[{"@type":"ReadAction","target":["https:\/\/siriuscrime.com\/powrot-anny\/pokoj-detektywa\/raport-nr-3\/"]}]},{"@type":"ImageObject","inLanguage":"pl-PL","@id":"https:\/\/siriuscrime.com\/powrot-anny\/pokoj-detektywa\/raport-nr-3\/#primaryimage","url":"https:\/\/siriuscrime.com\/powrot-anny\/wp-content\/uploads\/sites\/2\/2020\/11\/PA-kontakt.jpg","contentUrl":"https:\/\/siriuscrime.com\/powrot-anny\/wp-content\/uploads\/sites\/2\/2020\/11\/PA-kontakt.jpg","width":1920,"height":1080},{"@type":"BreadcrumbList","@id":"https:\/\/siriuscrime.com\/powrot-anny\/pokoj-detektywa\/raport-nr-3\/#breadcrumb","itemListElement":[{"@type":"ListItem","position":1,"name":"Strona g\u0142\u00f3wna","item":"https:\/\/siriuscrime.com\/powrot-anny\/"},{"@type":"ListItem","position":2,"name":"Pok\u00f3j detektywa","item":"https:\/\/siriuscrime.com\/powrot-anny\/pokoj-detektywa\/"},{"@type":"ListItem","position":3,"name":"Raport Nr&nbsp;3"}]},{"@type":"WebSite","@id":"https:\/\/siriuscrime.com\/powrot-anny\/#website","url":"https:\/\/siriuscrime.com\/powrot-anny\/","name":"Powr\u00f3t Anny","description":"Gra detektywistyczna","potentialAction":[{"@type":"SearchAction","target":{"@type":"EntryPoint","urlTemplate":"https:\/\/siriuscrime.com\/powrot-anny\/?s={search_term_string}"},"query-input":{"@type":"PropertyValueSpecification","valueRequired":true,"valueName":"search_term_string"}}],"inLanguage":"pl-PL"}]}},"uagb_featured_image_src":{"full":false,"thumbnail":false,"medium":false,"medium_large":false,"large":false,"1536x1536":false,"2048x2048":false,"post-thumbnail":false,"twentytwenty-fullscreen":false},"uagb_author_info":{"display_name":"Piotr Budzisz","author_link":"https:\/\/siriuscrime.com\/powrot-anny\/blog\/author\/piotr-budzisz\/"},"uagb_comment_info":0,"uagb_excerpt":"Spo\u00adtka\u00adnia z \u017bywiec\u00adkim prze\u00adsta\u00ad\u0142y mnie tak stre\u00adso\u00adwa\u0107. To m\u00f3j prze\u00ad\u0142o\u00ad\u017co\u00adny, wi\u0119c oczy\u00adwi\u00ad\u015bcie, czu\u00adj\u0119 do nie\u00adgo respekt i sza\u00adcu\u00adnek. Ale czu\u00adj\u0119 si\u0119 coraz pew\u00adniej. Jak dot\u0105d uda\u00ad\u0142o mi si\u0119 pra\u00adwi\u00add\u0142o\u00adwo odpo\u00adwie\u00addzie\u0107 na wszyst\u00adkie posta\u00adwio\u00adne przez nie\u00adgo pytania. Wejd\u017a! \u2013 krzyk\u00adn\u0105\u0142 zza drzwi, jesz\u00adcze zanim uda\u00ad\u0142o mi si\u0119 dotrze\u0107 do&nbsp;progu. Przy\u00adwi\u00adta\u00ad\u0142a mnie zna\u00adjo\u00adma \u015bcia\u00adna zapa\u00adchu i dymu.&hellip;","jetpack_sharing_enabled":true,"_links":{"self":[{"href":"https:\/\/siriuscrime.com\/powrot-anny\/wp-json\/wp\/v2\/pages\/479","targetHints":{"allow":["GET"]}}],"collection":[{"href":"https:\/\/siriuscrime.com\/powrot-anny\/wp-json\/wp\/v2\/pages"}],"about":[{"href":"https:\/\/siriuscrime.com\/powrot-anny\/wp-json\/wp\/v2\/types\/page"}],"author":[{"embeddable":true,"href":"https:\/\/siriuscrime.com\/powrot-anny\/wp-json\/wp\/v2\/users\/1"}],"replies":[{"embeddable":true,"href":"https:\/\/siriuscrime.com\/powrot-anny\/wp-json\/wp\/v2\/comments?post=479"}],"version-history":[{"count":1,"href":"https:\/\/siriuscrime.com\/powrot-anny\/wp-json\/wp\/v2\/pages\/479\/revisions"}],"predecessor-version":[{"id":1470,"href":"https:\/\/siriuscrime.com\/powrot-anny\/wp-json\/wp\/v2\/pages\/479\/revisions\/1470"}],"up":[{"embeddable":true,"href":"https:\/\/siriuscrime.com\/powrot-anny\/wp-json\/wp\/v2\/pages\/103"}],"wp:attachment":[{"href":"https:\/\/siriuscrime.com\/powrot-anny\/wp-json\/wp\/v2\/media?parent=479"}],"curies":[{"name":"wp","href":"https:\/\/api.w.org\/{rel}","templated":true}]}}